{"id":3895,"date":"2024-05-14T17:56:44","date_gmt":"2024-05-14T14:56:44","guid":{"rendered":"https:\/\/dragonboat.lt\/?page_id=3895"},"modified":"2024-08-04T16:38:48","modified_gmt":"2024-08-04T13:38:48","slug":"panevezio-irklavimo-klubas","status":"publish","type":"page","link":"https:\/\/dragonboat.lt\/?page_id=3895","title":{"rendered":"Panev\u0117\u017eio Irklavimo Klubas"},"content":{"rendered":"<p>[vc_row enable_surfer_icon=&#8221;no&#8221;][vc_column][vc_raw_html]JTVCcmV2X3NsaWRlciUyMGFsaWFzJTNEJTIyQ29udGFjdC1QYWdlJTIyJTVEJTVCJTJGcmV2X3NsaWRlciU1RA==[\/vc_raw_html][\/vc_column][\/vc_row][vc_row][vc_column css=&#8221;.vc_custom_1715165605892{margin-top: 50px !important;margin-bottom: 70px !important;}&#8221;]<div class=\"qodef-section-title-holder  \" >\n\t<div class=\"qodef-st-inner\">\n        \t\t\t\t\t<h2 class=\"qodef-st-title\" >\n\t\t\t\tPanev\u0117\u017eio Irklavimo Klubas\t\t\t<\/h2>\n\t\t        \t\t\t\t\t<\/div>\n<\/div>[vc_column_text]Nori \u012fgauti sportin\u0119 form\u0105 ar ie\u0161kai pramogos gryname ore? Kvie\u010diame i\u0161bandyti komandin\u0119 vandens sporto \u0161ak\u0105-drakono valtis! Irkluojant valtis dirba visi k\u016bno raumenys ir gr\u016bdinamas organizmas. Renkamos vyr\u0173, moter\u0173,vaik\u0173 ir mi\u0161rios grup\u0117s.<\/p>\n<p>Sudomino ir nori i\u0161bandyti?\u00a0 Kvie\u010diame atvykti ir i\u0161bandyti nauj\u0105 pramog\u0105, kuri nepalieka nei vieno abejingo. <strong>Atvyk \u012f treniruot\u0119<\/strong>, kuri trunka\u00a0 valand\u0105, bet patirtos emocijos lyd\u0117s ilg\u0105 laik\u0105. Pasikvieskite draugus ir kolegas po darbo prasiplaukti su i\u0161skirtin\u0117mis komandin\u0117mis valtimis. Tai puiki pramoga moksleiviams.<\/p>\n<p><strong>Atvyk su komanda ar registruokis atskirai ir mes pasir\u016bpinsime tavo komanda.<\/strong><\/p>\n<p>Tai k\u0105 patirsite treniruot\u0117se, motyvuos sudalyvauti ir masinio irklavimo \u0161vent\u0117se (nuoroda \u012f renginius)[\/vc_column_text][\/vc_column][\/vc_row][vc_row][vc_column width=&#8221;1\/2&#8243; css=&#8221;.vc_custom_1715165814563{padding-bottom: 20px !important;}&#8221;]<div class=\"qodef-section-title-holder  \" >\n\t<div class=\"qodef-st-inner\">\n        \t\t\t\t\t<h2 class=\"qodef-st-title\" >\n\t\t\t\tInformacija\t\t\t<\/h2>\n\t\t        \t\t\t\t\t<\/div>\n<\/div>[vc_empty_space height=&#8221;50px&#8221;][vc_column_text]<\/p>\n<h4>Renginio vieta:<\/h4>\n<p><strong>Irklavimo klubas\u201cPaneve\u017eio drakonai\u201c,\u00a0<\/strong>Pajuost\u0117s pl. 27B, Panev\u0117\u017eys<\/p>\n<h4>Dalyvi\u0173 skai\u010dius:<\/h4>\n<p>Nuo 10 iki 500 dalyvi\u0173.<\/p>\n<h4>Dalyvio mokestis:<\/h4>\n<p>Nuo 5 iki 100 Eur[\/vc_column_text][\/vc_column][vc_column width=&#8221;1\/2&#8243;]<div class=\"qodef-section-title-holder  \" >\n\t<div class=\"qodef-st-inner\">\n        \t\t\t\t\t<h2 class=\"qodef-st-title\" >\n\t\t\t\tSusisiekite\t\t\t<\/h2>\n\t\t        \t\t\t\t\t<\/div>\n<\/div>[vc_raw_html css=&#8221;.vc_custom_1715698586693{margin-top: 50px !important;}&#8221;]JTVCY29udGFjdC1mb3JtLTclMjBpZCUzRCUyMjU1ZWZkMTQlMjIlMjB0aXRsZSUzRCUyMktsdWJhaV9QYW5ldmV6eXMlMjIlNUQ=[\/vc_raw_html][\/vc_column][\/vc_row]<\/p>\n","protected":false},"excerpt":{"rendered":"<p>[vc_row enable_surfer_icon=&#8221;no&#8221;][vc_column][vc_raw_html]JTVCcmV2X3NsaWRlciUyMGFsaWFzJTNEJTIyQ29udGFjdC1QYWdlJTIyJTVEJTVCJTJGcmV2X3NsaWRlciU1RA==[\/vc_raw_html][\/vc_column][\/vc_row][vc_row][vc_column css=&#8221;.vc_custom_1715165605892{margin-top: 50px !important;margin-bottom: 70px !important;}&#8221;][vc_column_text]Nori \u012fgauti sportin\u0119 form\u0105 ar ie\u0161kai pramogos gryname ore? Kvie\u010diame i\u0161bandyti komandin\u0119 vandens sporto \u0161ak\u0105-drakono valtis! Irkluojant valtis dirba visi k\u016bno raumenys ir gr\u016bdinamas organizmas. Renkamos vyr\u0173, moter\u0173,vaik\u0173 ir mi\u0161rios grup\u0117s. Sudomino ir nori [&hellip;]<\/p>\n","protected":false},"author":4,"featured_media":0,"parent":3875,"menu_order":0,"comment_status":"closed","ping_status":"closed","template":"","meta":{"pmpro_default_level":"","footnotes":""},"class_list":["post-3895","page","type-page","status-publish","hentry","pmpro-has-access"],"_links":{"self":[{"href":"https:\/\/dragonboat.lt\/index.php?rest_route=\/wp\/v2\/pages\/3895","targetHints":{"allow":["GET"]}}],"collection":[{"href":"https:\/\/dragonboat.lt\/index.php?rest_route=\/wp\/v2\/pages"}],"about":[{"href":"https:\/\/dragonboat.lt\/index.php?rest_route=\/wp\/v2\/types\/page"}],"author":[{"embeddable":true,"href":"https:\/\/dragonboat.lt\/index.php?rest_route=\/wp\/v2\/users\/4"}],"replies":[{"embeddable":true,"href":"https:\/\/dragonboat.lt\/index.php?rest_route=%2Fwp%2Fv2%2Fcomments&post=3895"}],"version-history":[{"count":2,"href":"https:\/\/dragonboat.lt\/index.php?rest_route=\/wp\/v2\/pages\/3895\/revisions"}],"predecessor-version":[{"id":3898,"href":"https:\/\/dragonboat.lt\/index.php?rest_route=\/wp\/v2\/pages\/3895\/revisions\/3898"}],"up":[{"embeddable":true,"href":"https:\/\/dragonboat.lt\/index.php?rest_route=\/wp\/v2\/pages\/3875"}],"wp:attachment":[{"href":"https:\/\/dragonboat.lt\/index.php?rest_route=%2Fwp%2Fv2%2Fmedia&parent=3895"}],"curies":[{"name":"wp","href":"https:\/\/api.w.org\/{rel}","templated":true}]}}