{"id":3534,"date":"2024-05-08T23:22:56","date_gmt":"2024-05-08T20:22:56","guid":{"rendered":"https:\/\/dragonboat.lt\/?page_id=3534"},"modified":"2024-08-04T16:38:07","modified_gmt":"2024-08-04T13:38:07","slug":"nesezoniniai-renginiai-baseine","status":"publish","type":"page","link":"https:\/\/dragonboat.lt\/?page_id=3534","title":{"rendered":"Nesezoniniai renginiai baseine"},"content":{"rendered":"<p>[vc_row enable_surfer_icon=&#8221;no&#8221;][vc_column css=&#8221;.vc_custom_1715165586788{margin-top: -75px !important;margin-bottom: 20px !important;}&#8221;][vc_raw_html]JTVCcmV2X3NsaWRlciUyMGFsaWFzJTNEJTIyUmVuZ2luaWFpLWJhc2VpbmUlMjIlNUQlNUIlMkZyZXZfc2xpZGVyJTVE[\/vc_raw_html][\/vc_column][\/vc_row][vc_row][vc_column css=&#8221;.vc_custom_1715165605892{margin-top: 50px !important;margin-bottom: 70px !important;}&#8221;]<div class=\"qodef-section-title-holder  \" >\n\t<div class=\"qodef-st-inner\">\n        \t\t\t\t\t<h2 class=\"qodef-st-title\" >\n\t\t\t\tRenginiai Baseine\t\t\t<\/h2>\n\t\t        \t\t\t\t\t<\/div>\n<\/div>[vc_column_text]Pasibaigus \u0161iltajam sezonui Drakono val\u010di\u0173 festivalis persekelia \u012f baseinus. Tai nuotaikingi renginiai u\u017edarose erdv\u0117se pasikeitusiu komand\u0173 formatu: 8prie\u01618\u00a0 arba 6prie\u01616. Tai smagios var\u017eytuv\u0117s, kurios nereikalauja didelio fizinio pasiruo\u0161imo. Tai tarsi virv\u0117s tempimas, ta\u010diau viskas vyksta be virv\u0117s, o s\u0117dint dviem komandom vienoje drakono valtyje. Ypa\u010d tinkamas renginys\u00a0 naujametiniam komand\u0173 formavimui.<\/p>\n<p>\u012e baseinus persikeliame nuo gruod\u017eio menesio iki baland\u017eio m\u0117nesio.[\/vc_column_text][vc_empty_space height=&#8221;50px&#8221;]<div class=\"qodef-section-title-holder  \" >\n\t<div class=\"qodef-st-inner\">\n        \t\t\t\t\t<h2 class=\"qodef-st-title\" >\n\t\t\t\tArtimiausi Renginiai\t\t\t<\/h2>\n\t\t        \t\t\t\t\t<\/div>\n<\/div>[\/vc_column][\/vc_row][vc_row][vc_column width=&#8221;1\/2&#8243; css=&#8221;.vc_custom_1715165814563{padding-bottom: 20px !important;}&#8221;]<div class=\"qodef-section-title-holder  \" >\n\t<div class=\"qodef-st-inner\">\n        \t\t\t\t\t<h2 class=\"qodef-st-title\" >\n\t\t\t\tInformacija\t\t\t<\/h2>\n\t\t        \t\t\t\t\t<\/div>\n<\/div>[vc_empty_space height=&#8221;50px&#8221;][vc_column_text]<\/p>\n<h4>Renginio vieta:<\/h4>\n<p>Miesto baseinas..<\/p>\n<h4>Dalyvi\u0173 skai\u010dius:<\/h4>\n<p>Nuo 10 iki 500 dalyvi\u0173.<\/p>\n<h4>Dalyvio mokestis asmeniui:<\/h4>\n<p>Nuo 5 iki 50 Eur (priklauso nuo renginio vietos, dalyvi\u0173 skai\u010diaus, pageidaujam\u0173 pramog\u0173).[\/vc_column_text][\/vc_column][vc_column width=&#8221;1\/2&#8243;]<div class=\"qodef-section-title-holder  \" >\n\t<div class=\"qodef-st-inner\">\n        \t\t\t\t\t<h2 class=\"qodef-st-title\" >\n\t\t\t\tSusisiekite\t\t\t<\/h2>\n\t\t        \t\t\t\t\t<\/div>\n<\/div>[vc_raw_html css=&#8221;.vc_custom_1715165373832{margin-top: 50px !important;}&#8221;]JTVCY29udGFjdC1mb3JtLTclMjBpZCUzRCUyMmNhYmU1YTYlMjIlMjB0aXRsZSUzRCUyMlN1c2lzaWVraXRlJTIwRm9ybWElMjIlNUQ=[\/vc_raw_html][\/vc_column][\/vc_row]<\/p>\n","protected":false},"excerpt":{"rendered":"<p>[vc_row enable_surfer_icon=&#8221;no&#8221;][vc_column css=&#8221;.vc_custom_1715165586788{margin-top: -75px !important;margin-bottom: 20px !important;}&#8221;][vc_raw_html]JTVCcmV2X3NsaWRlciUyMGFsaWFzJTNEJTIyUmVuZ2luaWFpLWJhc2VpbmUlMjIlNUQlNUIlMkZyZXZfc2xpZGVyJTVE[\/vc_raw_html][\/vc_column][\/vc_row][vc_row][vc_column css=&#8221;.vc_custom_1715165605892{margin-top: 50px !important;margin-bottom: 70px !important;}&#8221;][vc_column_text]Pasibaigus \u0161iltajam sezonui Drakono val\u010di\u0173 festivalis persekelia \u012f baseinus. Tai nuotaikingi renginiai u\u017edarose erdv\u0117se pasikeitusiu komand\u0173 formatu: 8prie\u01618\u00a0 arba 6prie\u01616. Tai smagios var\u017eytuv\u0117s, kurios nereikalauja didelio fizinio pasiruo\u0161imo. Tai [&hellip;]<\/p>\n","protected":false},"author":4,"featured_media":0,"parent":1178,"menu_order":0,"comment_status":"closed","ping_status":"closed","template":"","meta":{"pmpro_default_level":"","footnotes":""},"class_list":["post-3534","page","type-page","status-publish","hentry","pmpro-has-access"],"_links":{"self":[{"href":"https:\/\/dragonboat.lt\/index.php?rest_route=\/wp\/v2\/pages\/3534","targetHints":{"allow":["GET"]}}],"collection":[{"href":"https:\/\/dragonboat.lt\/index.php?rest_route=\/wp\/v2\/pages"}],"about":[{"href":"https:\/\/dragonboat.lt\/index.php?rest_route=\/wp\/v2\/types\/page"}],"author":[{"embeddable":true,"href":"https:\/\/dragonboat.lt\/index.php?rest_route=\/wp\/v2\/users\/4"}],"replies":[{"embeddable":true,"href":"https:\/\/dragonboat.lt\/index.php?rest_route=%2Fwp%2Fv2%2Fcomments&post=3534"}],"version-history":[{"count":5,"href":"https:\/\/dragonboat.lt\/index.php?rest_route=\/wp\/v2\/pages\/3534\/revisions"}],"predecessor-version":[{"id":3852,"href":"https:\/\/dragonboat.lt\/index.php?rest_route=\/wp\/v2\/pages\/3534\/revisions\/3852"}],"up":[{"embeddable":true,"href":"https:\/\/dragonboat.lt\/index.php?rest_route=\/wp\/v2\/pages\/1178"}],"wp:attachment":[{"href":"https:\/\/dragonboat.lt\/index.php?rest_route=%2Fwp%2Fv2%2Fmedia&parent=3534"}],"curies":[{"name":"wp","href":"https:\/\/api.w.org\/{rel}","templated":true}]}}