{"id":1178,"date":"2020-02-03T09:42:14","date_gmt":"2020-02-03T09:42:14","guid":{"rendered":"https:\/\/waveride.qodeinteractive.com\/?page_id=1178"},"modified":"2025-09-23T12:37:44","modified_gmt":"2025-09-23T09:37:44","slug":"apie-mus","status":"publish","type":"page","link":"https:\/\/dragonboat.lt\/?page_id=1178","title":{"rendered":"Apie Mus"},"content":{"rendered":"<p>[vc_row enable_surfer_icon=&#8221;no&#8221; css=&#8221;.vc_custom_1715082407556{padding-top: px !important;background-image: url(https:\/\/waveride.qodeinteractive.com\/wp-content\/uploads\/2020\/01\/h1-background-img-3.jpg?id=182) !important;background-position: center !important;background-repeat: no-repeat !important;background-size: cover !important;}&#8221;][vc_column css=&#8221;.vc_custom_1715342636353{margin-top: 20px !important;}&#8221;][vc_row_inner row_content_width=&#8221;grid&#8221; css=&#8221;.vc_custom_1715161979859{padding-top: px !important;padding-bottom: 125px !important;}&#8221;][vc_column_inner offset=&#8221;vc_col-lg-5 vc_col-md-12&#8243; css=&#8221;.vc_custom_1715162012967{margin-top: -75px !important;}&#8221;]<div class=\"qodef-elements-holder   qodef-one-column  qodef-responsive-mode-768 \" ><div class=\"qodef-eh-item    \"  data-item-class=\"qodef-eh-custom-5945\" data-1400-1600=\"59px 29% 0 0\" data-1025-1399=\"22px 18% 0 0\" data-769-1024=\"20px 12% 100px 0\" data-681-768=\"20px 52px 100px 0\" data-680=\"30px 0px 80px 0\">\n\t<div class=\"qodef-eh-item-inner\">\n\t\t<div class=\"qodef-eh-item-content qodef-eh-custom-5945\" style=\"padding: 70px 29% 0 0\">\n\t\t\t<div class=\"qodef-section-title-holder  \" >\n\t<div class=\"qodef-st-inner\">\n                    <span class=\"qodef-st-background-text\" style=\"text-align: left\"><\/span>\n        \t\t\t\t\t<h2 class=\"qodef-st-title\" >\n\t\t\t\tJAU DE\u0160IMT MET\u0172\t\t\t<\/h2>\n\t\t                        <span class=\"qodef-st-caption\" style=\"margin: 15px 0 0\">kuriame komandinio irklavimo \u0161ventes!<\/span>\n        \t\t\t\t\t<\/div>\n<\/div>\t\t<\/div>\n\t<\/div>\n<\/div><\/div>[vc_column_text css=&#8221;.vc_custom_1758620262603{padding-top: 20px !important;padding-right: 50px !important;}&#8221;]\u012e Lietuv\u0105 Drakono val\u010di\u0173 festivalis atkeliavo 2014 m. kartu su keliomis \u012fsp\u016bdingo gro\u017eio valtimis ir sporto entuziast\u0173 noru pasidalinti \u0161iuo nepakartojamu renginiu su visais Lietuvos \u017emon\u0117mis:<\/p>\n<ul>\n<li>Panev\u0117\u017eys, Bir\u017eai, Anyk\u0161\u010diai, Zarasai, Ignalina, Kaunas, Klaip\u0117da, Pakruojis, Tel\u0161iai, Kra\u017eiai (Kelm\u0117), Siesikai (Ukmerg\u0117), \u0160iauliai (partneriai), Visaginas (partneriai), Dusetos (Zarasai), Mol\u0117tai, \u0116ri\u0161kiai (Panev\u0117\u017eys), Kupi\u0161kis. Tai vie\u0161ieji miest\u0173 renginiai prie gra\u017ei\u0173 vandens akvatorij\u0173.<\/li>\n<li>Daugiau nei 8 000 dalyvi\u0173.<\/li>\n<li>\u0160i\u0105 komandinio irklavimo \u0161ak\u0105 i\u0161band\u0117 daugelio sporto \u0161ak\u0173 atstovai: regbio, futbolo, rankinio, krep\u0161inio, kovos men\u0173, dvira\u010di\u0173 sporto ir, \u017einoma, lengvosios atletikos sportininkai.<\/li>\n<\/ul>\n<p>[\/vc_column_text][\/vc_column_inner][vc_column_inner offset=&#8221;vc_col-lg-7 vc_col-md-12&#8243; css=&#8221;.vc_custom_1578575110333{padding-right: 0px !important;padding-left: 0px !important;}&#8221;]<div class=\"qodef-elements-holder   qodef-two-columns  qodef-responsive-mode-680 \" ><div class=\"qodef-eh-item    \"  data-item-class=\"qodef-eh-custom-8822\" data-680=\"30px 15px 0\">\n\t<div class=\"qodef-eh-item-inner\">\n\t\t<div class=\"qodef-eh-item-content qodef-eh-custom-8822\" style=\"padding: 0 0 0 15px\">\n\t\t\t[vc_images_carousel images=&#8221;3491&#8243; img_size=&#8221;600&#215;450&#8243; onclick=&#8221;link_no&#8221; speed=&#8221;2000&#8243; autoplay=&#8221;yes&#8221; hide_prev_next_buttons=&#8221;yes&#8221; wrap=&#8221;yes&#8221;]\t\t<\/div>\n\t<\/div>\n<\/div><div class=\"qodef-eh-item    \"  data-item-class=\"qodef-eh-custom-1432\" data-680=\"0 15px\">\n\t<div class=\"qodef-eh-item-inner\">\n\t\t<div class=\"qodef-eh-item-content qodef-eh-custom-1432\" style=\"padding: 0 15px 0 0\">\n\t\t\t\t\t<\/div>\n\t<\/div>\n<\/div><\/div>[\/vc_column_inner][\/vc_row_inner][\/vc_column][\/vc_row][vc_row row_content_width=&#8221;grid&#8221; disable_background_image=&#8221;1280&#8243; content_text_aligment=&#8221;center&#8221; enable_surfer_icon=&#8221;no&#8221; css=&#8221;.vc_custom_1580226429982{padding-bottom: 122px !important;}&#8221; simple_background_image=&#8221;844&#8243; background_image_position=&#8221;center&#8221;][vc_column css=&#8221;.vc_custom_1582619340729{padding-top: 115px !important;}&#8221;]<div class=\"qodef-elements-holder   qodef-one-column  qodef-responsive-mode-768 \" ><div class=\"qodef-eh-item    \"  data-item-class=\"qodef-eh-custom-8347\" data-1400-1600=\"0px 17%\" data-1025-1399=\"0px 11%\" data-769-1024=\"0 5%\" data-681-768=\"0 0 0 0\" data-680=\"0 0 0 0\">\n\t<div class=\"qodef-eh-item-inner\">\n\t\t<div class=\"qodef-eh-item-content qodef-eh-custom-8347\" style=\"padding: 0px 17%\">\n\t\t\t<div class=\"qodef-section-title-holder  \" style=\"text-align: center\">\n\t<div class=\"qodef-st-inner\">\n        \t\t\t\t\t<h1 class=\"qodef-st-title\" >\n\t\t\t\tMES JUMS SI\u016aLOME\t\t\t<\/h1>\n\t\t        \t\t\t\t\t<\/div>\n<\/div>\t\t<\/div>\n\t<\/div>\n<\/div><\/div>[vc_empty_space height=&#8221;62px&#8221;]<div class=\"qodef-linked-images qodef-three-columns qodef-huge-space qodef-grid-masonry-list qodef-normal-space qodef-grid-list\"  data-full-height=\"yes\">\n\t\t<div class=\"qodef-masonry-list-wrapper qodef-outer-space\">\n\t\t<div class=\"qodef-masonry-grid-sizer\"><\/div>\n\t\t<div class=\"qodef-masonry-grid-gutter\"><\/div>\n\t\t\t<div class=\"qodef-linked-image-holder qodef-item-space qodef-li-text-slide\">\n\t\t<div class=\"qodef-linked-image-holder-inner\">\n\t\t\t<div class=\"qodef-linked-image-image-holder\">\n\t\t\t\t\t\t\t\t\t<a href=\"https:\/\/dragonboat.lt\/?page_id=3508\" target=\"_self\">\n\t\t\t\t\t\t\t\t\t<div class=\"qodef-linked-image-image\">\n                        <img loading=\"lazy\" decoding=\"async\" width=\"400\" height=\"575\" src=\"https:\/\/dragonboat.lt\/wp-content\/uploads\/2024\/05\/Renginiai-Imonems_400x575.jpg\" class=\"attachment-full size-full\" alt=\"\" srcset=\"https:\/\/dragonboat.lt\/wp-content\/uploads\/2024\/05\/Renginiai-Imonems_400x575.jpg 400w, https:\/\/dragonboat.lt\/wp-content\/uploads\/2024\/05\/Renginiai-Imonems_400x575-209x300.jpg 209w\" sizes=\"auto, (max-width: 400px) 100vw, 400px\" \/>                    <\/div>\n\n\t\t\t\t\t<div class=\"qodef-linked-image-description-wrapper\">\n\t\t\t\t\t\t\t\t\t\t\t\t\t<div class=\"qodef-linked-image-description-inner\">\n                                \t\t\t\t\t\t\t\t<div class=\"qodef-linked-image-description\">\n                                                                            <h2 class=\"qodef-linked-image-title\">\n                                            Renginiai                                        <\/h2>\n                                                                                                                <h4 class=\"qodef-linked-image-subtitle\">\n                                            \u012emon\u0117ms                                        <\/h4>\n                                    \t\t\t\t\t\t\t\t\t                                    <div class=\"qodef-linked-image-cover\"><\/div>\n\t\t\t\t\t\t\t\t<\/div>\n\t\t\t\t\t\t\t<\/div>\n\t\t\t\t\t\t\t\t\t\t\t<\/div>\n\t\t\t\t\t\t\t\t\t<\/a>\n\t\t\t\t\t\t\t<\/div>\n\t\t<\/div>\n\t<\/div>\n\t<div class=\"qodef-linked-image-holder qodef-item-space qodef-li-text-slide\">\n\t\t<div class=\"qodef-linked-image-holder-inner\">\n\t\t\t<div class=\"qodef-linked-image-image-holder\">\n\t\t\t\t\t\t\t\t\t<a href=\"https:\/\/dragonboat.lt\/?page_id=3521\" target=\"_self\">\n\t\t\t\t\t\t\t\t\t<div class=\"qodef-linked-image-image\">\n                        <img loading=\"lazy\" decoding=\"async\" width=\"400\" height=\"675\" src=\"https:\/\/dragonboat.lt\/wp-content\/uploads\/2024\/05\/moksleiviu-regatos_cover_400x675.jpg\" class=\"attachment-full size-full\" alt=\"\" srcset=\"https:\/\/dragonboat.lt\/wp-content\/uploads\/2024\/05\/moksleiviu-regatos_cover_400x675.jpg 400w, https:\/\/dragonboat.lt\/wp-content\/uploads\/2024\/05\/moksleiviu-regatos_cover_400x675-178x300.jpg 178w\" sizes=\"auto, (max-width: 400px) 100vw, 400px\" \/>                    <\/div>\n\n\t\t\t\t\t<div class=\"qodef-linked-image-description-wrapper\">\n\t\t\t\t\t\t\t\t\t\t\t\t\t<div class=\"qodef-linked-image-description-inner\">\n                                \t\t\t\t\t\t\t\t<div class=\"qodef-linked-image-description\">\n                                                                            <h2 class=\"qodef-linked-image-title\">\n                                            Regatos                                        <\/h2>\n                                                                                                                <h4 class=\"qodef-linked-image-subtitle\">\n                                            Moksleiviams                                        <\/h4>\n                                    \t\t\t\t\t\t\t\t\t                                    <div class=\"qodef-linked-image-cover\"><\/div>\n\t\t\t\t\t\t\t\t<\/div>\n\t\t\t\t\t\t\t<\/div>\n\t\t\t\t\t\t\t\t\t\t\t<\/div>\n\t\t\t\t\t\t\t\t\t<\/a>\n\t\t\t\t\t\t\t<\/div>\n\t\t<\/div>\n\t<\/div>\n\t<div class=\"qodef-linked-image-holder qodef-item-space qodef-li-text-slide\">\n\t\t<div class=\"qodef-linked-image-holder-inner\">\n\t\t\t<div class=\"qodef-linked-image-image-holder\">\n\t\t\t\t\t\t\t\t\t<a href=\"https:\/\/dragonboat.lt\/?page_id=3524\" target=\"_self\">\n\t\t\t\t\t\t\t\t\t<div class=\"qodef-linked-image-image\">\n                        <img loading=\"lazy\" decoding=\"async\" width=\"400\" height=\"575\" src=\"https:\/\/dragonboat.lt\/wp-content\/uploads\/2024\/05\/Irklavimo-Klubai-Cover_400x575.jpg\" class=\"attachment-full size-full\" alt=\"\" srcset=\"https:\/\/dragonboat.lt\/wp-content\/uploads\/2024\/05\/Irklavimo-Klubai-Cover_400x575.jpg 400w, https:\/\/dragonboat.lt\/wp-content\/uploads\/2024\/05\/Irklavimo-Klubai-Cover_400x575-209x300.jpg 209w\" sizes=\"auto, (max-width: 400px) 100vw, 400px\" \/>                    <\/div>\n\n\t\t\t\t\t<div class=\"qodef-linked-image-description-wrapper\">\n\t\t\t\t\t\t\t\t\t\t\t\t\t<div class=\"qodef-linked-image-description-inner\">\n                                \t\t\t\t\t\t\t\t<div class=\"qodef-linked-image-description\">\n                                                                            <h2 class=\"qodef-linked-image-title\">\n                                            Irklavimo                                        <\/h2>\n                                                                                                                <h4 class=\"qodef-linked-image-subtitle\">\n                                            Klubai                                        <\/h4>\n                                    \t\t\t\t\t\t\t\t\t                                    <div class=\"qodef-linked-image-cover\"><\/div>\n\t\t\t\t\t\t\t\t<\/div>\n\t\t\t\t\t\t\t<\/div>\n\t\t\t\t\t\t\t\t\t\t\t<\/div>\n\t\t\t\t\t\t\t\t\t<\/a>\n\t\t\t\t\t\t\t<\/div>\n\t\t<\/div>\n\t<\/div>\n\t<div class=\"qodef-linked-image-holder qodef-item-space qodef-li-text-slide\">\n\t\t<div class=\"qodef-linked-image-holder-inner\">\n\t\t\t<div class=\"qodef-linked-image-image-holder\">\n\t\t\t\t\t\t\t\t\t<a href=\"https:\/\/dragonboat.lt\/?page_id=3530\" target=\"_self\">\n\t\t\t\t\t\t\t\t\t<div class=\"qodef-linked-image-image\">\n                        <img loading=\"lazy\" decoding=\"async\" width=\"400\" height=\"675\" src=\"https:\/\/dragonboat.lt\/wp-content\/uploads\/2024\/05\/400x675_Miesto_svente.jpg\" class=\"attachment-full size-full\" alt=\"400x675_Miesto_\u0161vent\u0117\" srcset=\"https:\/\/dragonboat.lt\/wp-content\/uploads\/2024\/05\/400x675_Miesto_svente.jpg 400w, https:\/\/dragonboat.lt\/wp-content\/uploads\/2024\/05\/400x675_Miesto_svente-178x300.jpg 178w\" sizes=\"auto, (max-width: 400px) 100vw, 400px\" \/>                    <\/div>\n\n\t\t\t\t\t<div class=\"qodef-linked-image-description-wrapper\">\n\t\t\t\t\t\t\t\t\t\t\t\t\t<div class=\"qodef-linked-image-description-inner\">\n                                \t\t\t\t\t\t\t\t<div class=\"qodef-linked-image-description\">\n                                                                            <h2 class=\"qodef-linked-image-title\">\n                                            Miesto                                        <\/h2>\n                                                                                                                <h4 class=\"qodef-linked-image-subtitle\">\n                                            \u0160vent\u0117s                                        <\/h4>\n                                    \t\t\t\t\t\t\t\t\t                                    <div class=\"qodef-linked-image-cover\"><\/div>\n\t\t\t\t\t\t\t\t<\/div>\n\t\t\t\t\t\t\t<\/div>\n\t\t\t\t\t\t\t\t\t\t\t<\/div>\n\t\t\t\t\t\t\t\t\t<\/a>\n\t\t\t\t\t\t\t<\/div>\n\t\t<\/div>\n\t<\/div>\n\t<div class=\"qodef-linked-image-holder qodef-item-space qodef-li-text-slide\">\n\t\t<div class=\"qodef-linked-image-holder-inner\">\n\t\t\t<div class=\"qodef-linked-image-image-holder\">\n\t\t\t\t\t\t\t\t\t<a href=\"https:\/\/dragonboat.lt\/?page_id=3534\" target=\"_self\">\n\t\t\t\t\t\t\t\t\t<div class=\"qodef-linked-image-image\">\n                        <img loading=\"lazy\" decoding=\"async\" width=\"400\" height=\"675\" src=\"https:\/\/dragonboat.lt\/wp-content\/uploads\/2024\/05\/renginiai-Baseine-cover_400x675.jpg\" class=\"attachment-full size-full\" alt=\"\" srcset=\"https:\/\/dragonboat.lt\/wp-content\/uploads\/2024\/05\/renginiai-Baseine-cover_400x675.jpg 400w, https:\/\/dragonboat.lt\/wp-content\/uploads\/2024\/05\/renginiai-Baseine-cover_400x675-178x300.jpg 178w\" sizes=\"auto, (max-width: 400px) 100vw, 400px\" \/>                    <\/div>\n\n\t\t\t\t\t<div class=\"qodef-linked-image-description-wrapper\">\n\t\t\t\t\t\t\t\t\t\t\t\t\t<div class=\"qodef-linked-image-description-inner\">\n                                \t\t\t\t\t\t\t\t<div class=\"qodef-linked-image-description\">\n                                                                            <h2 class=\"qodef-linked-image-title\">\n                                            Renginiai                                        <\/h2>\n                                                                                                                <h4 class=\"qodef-linked-image-subtitle\">\n                                            Baseine                                        <\/h4>\n                                    \t\t\t\t\t\t\t\t\t                                    <div class=\"qodef-linked-image-cover\"><\/div>\n\t\t\t\t\t\t\t\t<\/div>\n\t\t\t\t\t\t\t<\/div>\n\t\t\t\t\t\t\t\t\t\t\t<\/div>\n\t\t\t\t\t\t\t\t\t<\/a>\n\t\t\t\t\t\t\t<\/div>\n\t\t<\/div>\n\t<\/div>\n\t<div class=\"qodef-linked-image-holder qodef-item-space qodef-li-text-slide\">\n\t\t<div class=\"qodef-linked-image-holder-inner\">\n\t\t\t<div class=\"qodef-linked-image-image-holder\">\n\t\t\t\t\t\t\t\t\t<a href=\"https:\/\/dragonboat.lt\/?page_id=3537\" target=\"_self\">\n\t\t\t\t\t\t\t\t\t<div class=\"qodef-linked-image-image\">\n                        <img loading=\"lazy\" decoding=\"async\" width=\"400\" height=\"575\" src=\"https:\/\/dragonboat.lt\/wp-content\/uploads\/2024\/05\/Sventiniai-Vakarai-Cover_400x575.jpg\" class=\"attachment-full size-full\" alt=\"Sventiniai-Vakarai-Cover_400x575\" srcset=\"https:\/\/dragonboat.lt\/wp-content\/uploads\/2024\/05\/Sventiniai-Vakarai-Cover_400x575.jpg 400w, https:\/\/dragonboat.lt\/wp-content\/uploads\/2024\/05\/Sventiniai-Vakarai-Cover_400x575-209x300.jpg 209w\" sizes=\"auto, (max-width: 400px) 100vw, 400px\" \/>                    <\/div>\n\n\t\t\t\t\t<div class=\"qodef-linked-image-description-wrapper\">\n\t\t\t\t\t\t\t\t\t\t\t\t\t<div class=\"qodef-linked-image-description-inner\">\n                                \t\t\t\t\t\t\t\t<div class=\"qodef-linked-image-description\">\n                                                                            <h2 class=\"qodef-linked-image-title\">\n                                            \u0160ventiniai                                        <\/h2>\n                                                                                                                <h4 class=\"qodef-linked-image-subtitle\">\n                                            Vakarai                                        <\/h4>\n                                    \t\t\t\t\t\t\t\t\t                                    <div class=\"qodef-linked-image-cover\"><\/div>\n\t\t\t\t\t\t\t\t<\/div>\n\t\t\t\t\t\t\t<\/div>\n\t\t\t\t\t\t\t\t\t\t\t<\/div>\n\t\t\t\t\t\t\t\t\t<\/a>\n\t\t\t\t\t\t\t<\/div>\n\t\t<\/div>\n\t<\/div>\n<\/div><\/div>[vc_empty_space height=&#8221;62px&#8221;]<div class=\"qodef-elements-holder   qodef-one-column  qodef-responsive-mode-768 qodef-one-column-alignment-center\" ><div class=\"qodef-eh-item    \"  data-item-class=\"qodef-eh-custom-8945\" data-1400-1600=\"0px 17%\" data-1025-1399=\"0px 11%\" data-769-1024=\"0 5%\" data-681-768=\"0 0 0 0\" data-680=\"0 0 0 0\">\n\t<div class=\"qodef-eh-item-inner\">\n\t\t<div class=\"qodef-eh-item-content qodef-eh-custom-8945\" style=\"padding: 0px 17%\">\n\t\t\t<div class=\"qodef-section-title-holder  \" style=\"text-align: center\">\n\t<div class=\"qodef-st-inner\">\n        \t\t\t\t\t<h1 class=\"qodef-st-title\" >\n\t\t\t\tMES DALYVAUJAME\t\t\t<\/h1>\n\t\t        \t\t\t\t\t<\/div>\n<\/div>\t\t<\/div>\n\t<\/div>\n<\/div><\/div>[vc_empty_space height=&#8221;62px&#8221;][vc_gallery type=&#8221;nivo&#8221; interval=&#8221;0&#8243; images=&#8221;3841,3842&#8243; img_size=&#8221;full&#8221; title=&#8221;DRAKONO VAL\u010cI\u0172 FESTIVALIO PRISTATYMAS VILNIAUS ROTU\u0160\u0116JE&#8221; el_id=&#8221;opa&#8221;][vc_empty_space height=&#8221;62px&#8221;][vc_gallery type=&#8221;nivo&#8221; interval=&#8221;0&#8243; images=&#8221;3843,3844,3845,3846&#8243; img_size=&#8221;full&#8221; title=&#8221;DRAKONO VAL\u010cI\u0172 FESTIVALIS LITEXPO PARODOJE&#8221; el_id=&#8221;opa&#8221;][\/vc_column][\/vc_row][vc_row row_content_width=&#8221;grid&#8221; disable_background_image=&#8221;&#8221; enable_surfer_icon=&#8221;no&#8221; css=&#8221;.vc_custom_1715602998876{padding-top: 92px !important;padding-bottom: 66px !important;}&#8221; el_class=&#8221;qodef-light-btt-skin&#8221; el_id=&#8221;atsiliepimai&#8221; simple_background_image=&#8221;3477&#8243;][vc_column offset=&#8221;vc_col-lg-4 vc_col-md-12&#8243;]<div class=\"qodef-elements-holder   qodef-one-column  qodef-responsive-mode-768 \" ><div class=\"qodef-eh-item    \"  data-item-class=\"qodef-eh-custom-9956\" data-769-1024=\"40px 0 0 0\" data-681-768=\"40px 0 0 0\" data-680=\"30px 0 0 0\">\n\t<div class=\"qodef-eh-item-inner\">\n\t\t<div class=\"qodef-eh-item-content qodef-eh-custom-9956\" style=\"padding: 75px 0 0 0\">\n\t\t\t<div class=\"qodef-section-title-holder  \" >\n\t<div class=\"qodef-st-inner\">\n        \t\t\t\t\t<h1 class=\"qodef-st-title\" style=\"color: #ffffff\">\n\t\t\t\tAtsiliepimai\t\t\t<\/h1>\n\t\t        \t\t\t\t\t<\/div>\n<\/div>\t\t<\/div>\n\t<\/div>\n<\/div><\/div>[\/vc_column][vc_column offset=&#8221;vc_col-lg-8 vc_col-md-12&#8243;]<div class=\"qodef-testimonials-holder qodef-testimonials-vertical-scroll clearfix qodef-testimonials-standard qodef-testimonials-light\" >\n    <div class=\"qodef-testimonials\" data-number-of-items=\"1\" data-enable-loop=\"yes\" data-enable-autoplay=\"yes\" data-slider-speed=\"5000\" data-slider-speed-animation=\"1000\" data-enable-navigation=\"yes\" data-enable-pagination=\"no\" >\n        <div class=\"qodef-testimonials-quote-holder\">\n            <svg version=\"1.1\" xmlns=\"http:\/\/www.w3.org\/2000\/svg\" xmlns:xlink=\"http:\/\/www.w3.org\/1999\/xlink\" x=\"0px\" y=\"0px\"\n                 viewBox=\"0 0 266.5 161\" enable-background=\"new 0 0 266.5 161\" xml:space=\"preserve\">\n                <g>\n                    <path fill=\"#f7f7f7\" d=\"M30,157.5c-6.7,0-11-1.3-13-4c-9.3-11.3-14-20.3-14-27c0-12.7,12.7-33.7,38-63c35.3-40.7,58.3-61,69-61\n                        c2,0,3,1,3,3s-1.3,4.7-4,8c-10,14-16.7,24-20,30l-6,10c10-3.3,18-5,24-5c12,2,18,9.3,18,22c0,20-12,39.5-36,58.5\n                        S45.3,157.5,30,157.5z M165,157.5c-6.7,0-11-1.3-13-4c-9.3-11.3-14-20.3-14-27c0-12.7,12.7-33.7,38-63c35.3-40.7,58.3-61,69-61\n                        c2,0,3,1,3,3s-1.3,4.7-4,8c-10,14-16.7,24-20,30l-6,10c10-3.3,18-5,24-5c12,2,18,9.3,18,22c0,20-12,39.5-36,58.5\n                        C200,148,180.3,157.5,165,157.5z\"\/>\n                <\/g>\n            <\/svg>\n        <\/div>\n        <div class=\"swiper-container\">\n            <div class=\"swiper-wrapper\">\n                \n                        <div class=\"qodef-testimonial-content swiper-slide\" id=\"qodef-testimonials-1930\">\n                                                        <div class=\"qodef-testimonial-text-holder\">\n                                                                    <p class=\"qodef-testimonial-text\">&quot;Laukiam nesulaukiam art\u0117jan\u010di\u0173 rengini\u0173, rekomenduojame bent kart\u0105 i\u0161bandyti \u0161i\u0105 veikl\u0105!&quot;<\/p>\n                                                                                                    <h5 class=\"qodef-testimonial-author\">\n                                                                                    <span class=\"qodef-testimonials-author-job\">Kaunas,<\/span>\n                                            <span class=\"qodef-testimonials-author-name\">Tomas<\/span>\n                                                                            <\/h5>\n                                                            <\/div>\n                        <\/div>\n\n                    \n                        <div class=\"qodef-testimonial-content swiper-slide\" id=\"qodef-testimonials-269\">\n                                                        <div class=\"qodef-testimonial-text-holder\">\n                                                                    <p class=\"qodef-testimonial-text\">&quot;Neapsakoma patirtis ir \u017einoma nerealios emocijos!&quot;<\/p>\n                                                                                                    <h5 class=\"qodef-testimonial-author\">\n                                                                                    <span class=\"qodef-testimonials-author-job\">Klaip\u0117da,<\/span>\n                                            <span class=\"qodef-testimonials-author-name\">Gerda<\/span>\n                                                                            <\/h5>\n                                                            <\/div>\n                        <\/div>\n\n                                <\/div>\n        <\/div>\n        <div class=\"swiper-pagination\"><\/div>\n                    <div class=\"swiper-navigation\">\n                <div class=\"swiper-button-prev\"><\/div>\n                <div class=\"swiper-button-next\"><\/div>\n            <\/div>\n            <\/div>\n<\/div>[\/vc_column][\/vc_row]<\/p>\n","protected":false},"excerpt":{"rendered":"<p>[vc_row enable_surfer_icon=&#8221;no&#8221; css=&#8221;.vc_custom_1715082407556{padding-top: px !important;background-image: url(https:\/\/waveride.qodeinteractive.com\/wp-content\/uploads\/2020\/01\/h1-background-img-3.jpg?id=182) !important;background-position: center !important;background-repeat: no-repeat !important;background-size: cover !important;}&#8221;][vc_column css=&#8221;.vc_custom_1715342636353{margin-top: 20px !important;}&#8221;][vc_row_inner row_content_width=&#8221;grid&#8221; css=&#8221;.vc_custom_1715161979859{padding-top: px !important;padding-bottom: 125px !important;}&#8221;][vc_column_inner offset=&#8221;vc_col-lg-5 vc_col-md-12&#8243; css=&#8221;.vc_custom_1715162012967{margin-top: -75px !important;}&#8221;][vc_column_text css=&#8221;.vc_custom_1758620262603{padding-top: 20px !important;padding-right: 50px !important;}&#8221;]\u012e Lietuv\u0105 Drakono val\u010di\u0173 festivalis atkeliavo 2014 m. kartu [&hellip;]<\/p>\n","protected":false},"author":1,"featured_media":0,"parent":0,"menu_order":0,"comment_status":"closed","ping_status":"closed","template":"full-width.php","meta":{"pmpro_default_level":"","footnotes":""},"class_list":["post-1178","page","type-page","status-publish","hentry","pmpro-has-access"],"_links":{"self":[{"href":"https:\/\/dragonboat.lt\/index.php?rest_route=\/wp\/v2\/pages\/1178","targetHints":{"allow":["GET"]}}],"collection":[{"href":"https:\/\/dragonboat.lt\/index.php?rest_route=\/wp\/v2\/pages"}],"about":[{"href":"https:\/\/dragonboat.lt\/index.php?rest_route=\/wp\/v2\/types\/page"}],"author":[{"embeddable":true,"href":"https:\/\/dragonboat.lt\/index.php?rest_route=\/wp\/v2\/users\/1"}],"replies":[{"embeddable":true,"href":"https:\/\/dragonboat.lt\/index.php?rest_route=%2Fwp%2Fv2%2Fcomments&post=1178"}],"version-history":[{"count":86,"href":"https:\/\/dragonboat.lt\/index.php?rest_route=\/wp\/v2\/pages\/1178\/revisions"}],"predecessor-version":[{"id":4169,"href":"https:\/\/dragonboat.lt\/index.php?rest_route=\/wp\/v2\/pages\/1178\/revisions\/4169"}],"wp:attachment":[{"href":"https:\/\/dragonboat.lt\/index.php?rest_route=%2Fwp%2Fv2%2Fmedia&parent=1178"}],"curies":[{"name":"wp","href":"https:\/\/api.w.org\/{rel}","templated":true}]}}